i(z). Suppose 5*v = 2*v - 15. Determine l(v).
3
Let r(m) = m**3 - 7*m**2 + 8*m - 9. Let g be r(6). Suppose 7 = -u + g. Let o(l) = l + 4. Let s be o(u). Let z(y) = y. Calculate z(s).
0
Let b be -2 - (0 + -9 - -2). Suppose -10 = 4*p + b*q, -p + 2*q = -4*p - 11. Let k(y) = -y - 2*y + 3*y + 6*y + y**2 + 1. Determine k(p).
-4
Let i(g) = 84 + 3*g - g**2 - 84. What is i(3)?
0
Let o = 39 - 46. Let c(h) = h - 2. Calculate c(o).
-9
Suppose 2*s - 3*s + 5*m = 29, 3*s - m = -17. Let n(l) be the second derivative of -l**4/12 - 2*l**3/3 + l**2 - 2*l. Determine n(s).
2
Suppose -10 = 2*s - 2*n, -3*s + 7 + 2 = 5*n. Let h(b) = -2*b**3 - 2*b**2 - b. Let o(c) = -c**2 + c + 1. Let a(x) = -h(x) - o(x). What is a(s)?
-5
Let m(k) = -5 - 187*k - 1 + 190*k. Give m(6).
12
Let d(x) = x - 5. Suppose 0*c = c + 5*i + 21, 3*i + 9 = 0. Determine d(c).
-11
Let z(q) = -2*q**2 - 3*q + 3. Let m(j) = j**2 + 2*j - 1. Let v(x) = -m(x) - z(x). Give v(3).
10
Let t(k) be the second derivative of 4*k**3/3 - k**2/2 - k. Let q = 77 - 76. Give t(q).
7
Let z(c) = 4 - 4*c**2 - 2 + 0 + c. Let o(p) = 9*p**2 - p - 5. Let k(w) = 3*o(w) + 7*z(w). Calculate k(4).
-1
Let k(h) = h**3 + h**2 - h + 7. Suppose -f - 4 = 0, w + 8 = -5*f - 8. Suppose -w*o + 7*z = 2*z - 15, 15 = -5*z. What is k(o)?
7
Suppose -2*f + 3*f - 7 = -5*z, 0 = 2*f + z + 4. Suppose -5*l + 11 = -4. Let y(u) = -3*u**2 + 8*u - l*u + 3 + 8*u**2 + u**3. What is y(f)?
6
Let z(x) = 1 + 36*x**2 - x**3 + x - 4 + 30*x**2 - 61*x**2. What is z(5)?
2
Let a(l) = -l**2 - 4*l. Let m be a(-2). Let b(r) = 2*r - 162 + 161 - 3*r. Calculate b(m).
-5
Let l(h) = h**2 + 6*h + 5. Let p be (-8 - 4)*2/4. Calculate l(p).
5
Suppose -3*r = 8 + 4. Let l be r/10 + 12/(-20). Let z(k) = 0 + 1 + 2*k - 5*k. What is z(l)?
4
Suppose 8*o = 21 - 13. Let m(p) = -p + 4. Let j be m(3). Let r(q) = 4*q + 3*q - j - 3*q. What is r(o)?
3
Suppose -3*f + 2*f + 2 = 0. Let q(g) = -g**3 - g**2 + g + 2. Determine q(f).
-8
Suppose f - 2 = -0. Let j(c) = -2*c**3 - 5*c**2 - 8*c + 7. Let q(a) = -a**3 - 3*a**2 - 4*a + 3. Let b(r) = f*j(r) - 5*q(r). What is b(-3)?
5
Let h be 3*1 - (-9 - (1 - 16)). Let c(t) = -10*t - 1. What is c(h)?
29
Let t(m) = -m + 13. Suppose 0 = -4*l - 0*l + 4*j + 24, -2*l + j + 16 = 0. Give t(l).
3
Let g(j) be the second derivative of j**4/12 + j**3/2 - 7*j**2/2 - 6*j. Let u(k) = -6*k + 10*k**2 - 3*k**2 + 0*k**3 + 11 + k**3. Let x be u(-8). Calculate g(x).
3
Let m be (-4)/6 - 2/(-3). Suppose -3*k + 3*o = -18, -5*o = -m*o + 15. Let q(h) = h**2 - h - 1. Give q(k).
5
Let x(i) = 4*i + 88*i**2 - 174*i**2 + 91*i**2 + 2 + i**3. Suppose 2*v = 3*c - 2 - 1, 4*c = v - 1. Calculate x(v).
8
Let p be (-2)/(-9) - (-423)/(-81). Let q be 4/(-14) + (-46)/(-14). Let j(x) = 4 + q*x - x + 1. Determine j(p).
-5
Let d(r) = 5*r**2 - r + 20. Let v(g) = 3*g**2 - g + 13. Let c(f) = 5*d(f) - 8*v(f). Calculate c(-4).
0
Let n(t) = -t + 4. Let u be n(4). Suppose -2*v = -3*v, 2*z - 6 = 3*v. Let l(j) = 0*j + z*j + 7 - 4*j. Give l(u).
7
Let p(l) = 5*l - 2. Let d(f) = 3*f - 5. Let y be d(4). Suppose y - 19 = -3*u. Let r(c) = c**2 - 5*c + 6. Let n be r(u). What is p(n)?
8
Let v(q) = -q**3 - 10*q**2 - 2*q - 15. Let m be v(-10). Let p(o) = o + 4. Determine p(m).
9
Let x(i) = 2*i + 2. Let r be x(-3). Let f(t) = -9*t**3 - 10*t**2 - 19*t - 6. Let w(g) = 4*g**3 + 5*g**2 + 9*g + 3. Let z(l) = 3*f(l) + 7*w(l). Calculate z(r).
-5
Let h(j) = 2*j**2 - 9*j + 3. Let x(n) = 2*n - 2*n**2 + 3*n - 3 + 3*n. Let v(g) = -g. Let i be v(6). Let o(s) = i*x(s) - 5*h(s). Determine o(2).
5
Let s be 8/((1*-2)/2). Let q = -5 - s. Suppose q*x = 8 + 4. Let v(f) = -f + 4. Give v(x).
0
Let w be (-3)/(3/(-3) + 0). Let o(f) = -1 + f - w + 3 - 2*f. Give o(-2).
1
Let p(j) = j**3 - 4*j**2 - 3. Let b(m) = -m**2 + 8*m - 8. Let g be b(6). Determine p(g).
-3
Let w = -7 - -10. Suppose 3*b - 6 = f - w, f + 3 = -3*b. Let z(i) = 3*i. Let u(t) = 4*t. Let c(q) = -5*u(q) + 7*z(q). What is c(f)?
-3
Let z(s) be the third derivative of -s**5/60 + s**4/3 - s**3/6 + 6*s**2. Give z(6).
11
Let s be 4 + (-7 - -2) + -1 - -7. Let p(d) = d - 3. Give p(s).
2
Let h be 1/(-6) + (-4)/(-24). Let b be ((-15)/6)/(-5)*h. Suppose -c + i + 0 + 2 = b, -2*c - 5*i = 3. Let r(p) = 5*p. Determine r(c).
5
Let z(t) = 5*t**3 - 5*t**2 - 15*t - 10. Let f(d) = 13*d**3 - 16*d**2 - 44*d - 29. Let m(x) = -3*f(x) + 8*z(x). What is m(-6)?
7
Let h(t) = -t**2 + 7*t - 5. Let w be h(6). Let m(x) = -x + 0 - w - 1. Determine m(2).
-4
Let c(n) = -n**3 + 6*n**2 - 2*n - 2. Let f be c(4). Let v be 2/3 + f/3. Suppose 2*d - i = -v, 4*d = -4*i - 21 - 7. Let w(s) = -s**2 - 5*s + 6. Determine w(d).
6
Let l(t) = -t**3 - 4*t**2 - t + 2. Let b(z) = -3*z**3 - 9*z**2 - z + 3. Let r(q) = 2*b(q) - 5*l(q). Determine r(4).
-24
Let p(w) be the third derivative of w**4/12 + 5*w**3/6 - 11*w**2. Give p(-4).
-3
Let p(i) = i - 3. Let n(v) = -2*v**2 - 10*v + 7. Let t be n(-6). Determine p(t).
-8
Suppose 2*m + 8 = -2*f, 9*m - f - 4 = 8*m. Let i(z) = z + 15. Determine i(m).
15
Suppose -11 = -5*i - 4*p, -21 + 0 = 5*i - 4*p. Let z(g) = -2*g**2 - 2*g - 1. Determine z(i).
-1
Suppose -3*z - y = -0*y + 7, -5 = -y. Let g(o) = 9*o - 19*o + 1 + 11*o. Give g(z).
-3
Let x(r) = r + r - 5*r**3 - 5*r + 2 + 6*r**3. Give x(2).
4
Let x(j) = -j**3 + 6*j**2 - 4*j + 1. Let o be (15/(-6))/(2/(-4)). What is x(o)?
6
Let n(r) = -5 + 5 + r. Let u(m) = 3*m + 2. Let d(b) = 4*n(b) - u(b). Give d(-5).
-7
Let a = 2 + 1. Let u(i) = 2*i**3 + i**a - 4*i**2 + 7*i**2 - 4 - 2*i**3. Let c(j) = -j. Let w be c(3). Calculate u(w).
-4
Suppose 6*f = 3*f - 6. Let d(z) = 2*z**3 + 2*z**2 + 1. Give d(f).
-7
Let a(c) be the third derivative of c**6/120 + c**5/20 + c**4/8 - 2*c**3/3 - 10*c**2. Give a(-3).
-13
Let g(l) be the first derivative of -l**2/2 + 2*l + 5. Let d be g(0). Let q(k) = -3*k. What is q(d)?
-6
Suppose 4 = -2*m - 2*q - 4, 0 = 3*m - q. Let g(r) = 18*r**3 + 2*r + 1. Calculate g(m).
-19
Let q = -44 - -43. Let t(a) = a. Let l(d) be the third derivative of -d**4/3 - d**3/6 - d**2. Let j(f) = q*t(f) - l(f). Calculate j(1).
8
Let o(l) = -l + 1. Suppose -2*z + 5 + 0 = -f, 5*z = -f + 30. Suppose 0 = -4*c + z - 21. Give o(c).
5
Let p(l) be the first derivative of l**2/2 - 3*l + 22. Give p(-3).
-6
Let i be (-3)/(-2)*4/3. Let v be (6/i)/(3 + -2). Let b(q) = -2*q**2 + 4*q. Determine b(v).
-6
Let j be ((-1)/1)/(1/(-2)). Let s(l) = -2 + j - l. Let k be s(5). Let y(a) = a**2 + 6*a + 5. Determine y(k).
0
Suppose 0 = -2*j - j. Let c(p) be the second derivative of -p**4/12 - p**3/6 - 4*p**2 - 7*p. Calculate c(j).
-8
Let v be 4/(-10)*(-5 - 0). Suppose 4*x = v*x + 6. Let o(w) be the second derivative of -w**3/3 + w**2/2 - 4*w. Calculate o(x).
-5
Let l(a) = 0 - a**2 - 7*a - 5 + 3. Let z be 8/28 - (-33)/7. Suppose i + 2*f + 10 = -3*i, z*i = 5*f - 20. What is l(i)?
10
Let s(i) = -i**3 - 3*i**2 + i + 1. Let t be 15 - (-6)/(-4)*-2. Suppose c + 5 = -2*d, -5*d - 3*c = -10*d - t. Determine s(d).
-2
Let c(q) = -q**3 - 6*q**2 - 4*q - 7. Let t(k) = -11*k - 5. Let x be t(0). Calculate c(x).
-12
Let a(b) = 2*b - 6. Let t(v) = -3*v - 29. Let k be t(-11). Calculate a(k).
2
Suppose 2*w = 5*w - 6. Let y = w + -4. Let k be y/(-5) + 27/(-5). Let q(h) = -h**3 - 5*h**2 - 5. Determine q(k).
-5
Let y = 2 + 72. Let x(i) = -y*i + 5*i**3 - i**2 + 74*i + 1. Give x(-1).
-5
Suppose 2*m + v = 6*m - 3, 0 = -3*m + v + 1. Suppose -27 = 5*j - 7. Let s = m + j. Let n(q) = q**2 + 4*q + 1. What is n(s)?
-3
Let w = -53 - -37. Let b = w + 12. Let q(a) = 0*a - 4*a - 3*a - a**2 - 6. What is q(b)?
6
Suppose -11*m - 28 = -18*m. Let o(x) be the first derivative of 7*x**2/2 + 3*x + 1. Let r(s) = -6*s - 3. Let g(d) = 5*o(d) + 6*r(d). Calculate g(m).
-7
Let a(b) be the third derivative of b**6/120 + 7*b**5/60 + b**4/6 - b**3 + 12*b**2. Calculate a(-6).
6
Suppose -5*k - 5*t = -45, -4*k + 5*k + 4*t - 24 = 0. Let d(o) = -o - 3. Let i be d(-6). Let a(n) = i*n + 5*n - 3*n - n**2 - n. Give a(k).
0
Let b(c) = -c + 2. Suppose -k = 5*s + 3, 8*s - 3*s = 4*k - 13. Suppose k*p - 4 = -3*d + 4*d, 2*p = 8. Calculate b(d).
-2
Let c(q) = q**2 + 12*q + 11. Let l(h) = -h**2 - 13*h - 12. Let n(r) = 7*c(r) + 6*l(r). Suppose -3*f + 6 = -0*f, -2*f = 2*a + 8. Determine n(a).
5
Suppose -3*j = -0*j. Suppose 4*r + j*r - 8 = 0. Let h(v) = -2*v - 1. Calculate h(r).
-5
Let p(n) be the second derivative of n**3/6 + n**2/2 - 3*n. Suppose 0 = -d